ue
Is 622844137 a prime number?
False
Is 48551959 a composite number?
True
Is 22506803 a composite number?
True
Is 1402031 a prime number?
True
Is 162957 a composite number?
True
Is 36226783 composite?
True
Is 180164177 prime?
False
Is 13702153 prime?
False
Is 4653491 composite?
False
Is 23390513 a prime number?
True
Is 263687 prime?
False
Is 51507529 a prime number?
False
Is 256869097 prime?
True
Is 1733777 a composite number?
False
Is 29385263 composite?
True
Is 109289123 a composite number?
True
Is 55550309 a composite number?
False
Is 2619629 composite?
True
Is 29819 a prime number?
True
Is 8434021 composite?
False
Is 92278469 a composite number?
False
Is 1976638 a prime number?
False
Is 196882771 a composite number?
False
Is 2960701 composite?
False
Is 31364807 a composite number?
False
Is 165575651 a composite number?
False
Is 57158753 a prime number?
True
Is 216829 a composite number?
False
Is 162491789 a prime number?
False
Is 181350629 a composite number?
True
Is 107746753 prime?
False
Is 8956121 a composite number?
False
Is 19608181 composite?
False
Is 26783915 prime?
False
Is 43398601 a prime number?
True
Is 52434115 a prime number?
False
Is 168059039 a composite number?
False
Is 586268861 prime?
True
Is 5073323 a composite number?
True
Is 49226179 a prime number?
True
Is 7623779 a composite number?
False
Is 28154221 a composite number?
True
Is 2411969 composite?
True
Is 250716641 a prime number?
False
Is 7577123 prime?
True
Is 957701 a prime number?
True
Is 1765843 prime?
True
Is 2460489 a prime number?
False
Is 149988883 a composite number?
True
Is 54189959 prime?
False
Is 103697401 a prime number?
False
Is 88692053 composite?
False
Is 313148443 a composite number?
True
Is 33979067 prime?
False
Is 888623 a prime number?
True
Is 148272661 prime?
True
Is 237203 a composite number?
False
Is 413293897 a prime number?
True
Is 1207511 composite?
False
Is 514769 composite?
False
Is 259159 a composite number?
False
Is 5776115 prime?
False
Is 12725431 prime?
False
Is 15311423 a prime number?
False
Is 13348099 a composite number?
False
Is 22032293 composite?
True
Is 228272261 a prime number?
False
Is 34276321 prime?
True
Is 2377891 a composite number?
True
Is 252189811 a composite number?
True
Is 135682402 a composite number?
True
Is 95013899 prime?
False
Is 201079259 a composite number?
False
Is 252647 composite?
True
Is 580157 a composite number?
True
Is 121050757 a prime number?
False
Is 9065921 a prime number?
False
Is 1076669 prime?
False
Is 7043141 composite?
True
Is 7682123 a prime number?
False
Is 353981357 a prime number?
True
Is 231122603 a composite number?
False
Is 338223 composite?
True
Is 742393 prime?
True
Is 13892915 prime?
False
Is 4911707 composite?
False
Is 19568209 a composite number?
True
Is 14300621 a prime number?
False
Is 3775903 a prime number?
False
Is 414653 a composite number?
False
Is 55695461 composite?
True
Is 27003737 a prime number?
True
Is 154585409 prime?
False
Is 11399369 composite?
True
Is 351938483 a composite number?
True
Is 1111771 a prime number?
True
Is 10107589 a composite number?
False
Is 55083733 prime?
True
Is 4747033 a composite number?
False
Is 9644399 a composite number?
True
Is 12025891 a composite number?
False
Is 1491043 a prime number?
False
Is 680015233 a composite number?
False
Is 185862431 composite?
True
Is 316901653 a composite number?
False
Is 3744059 a composite number?
True
Is 2381749 prime?
True
Is 22278387 a prime number?
False
Is 9576089 composite?
False
Is 12898091 a composite number?
False
Is 1493027 a prime number?
True
Is 33578747 prime?
True
Is 1886214035 prime?
False
Is 53319041 prime?
True
Is 973129 a prime number?
True
Is 8960437 a composite number?
True
Is 2025587 composite?
True
Is 264542755 prime?
False
Is 228677 a composite number?
False
Is 1218367 a composite number?
False
Is 38941069 a prime number?
False
Is 497429071 composite?
False
Is 22061761 a composite number?
True
Is 97213033 prime?
True
Is 880567 composite?
True
Is 5550713 prime?
False
Is 95755757 prime?
True
Is 156585293 prime?
True
Is 3814667 composite?
False
Is 49303571 a composite number?
False
Is 10756601 prime?
False
Is 30427511 a prime number?
False
Is 3319549 a composite number?
True
Is 3235961 composite?
False
Is 72535101 a composite number?
True
Is 229799 a prime number?
True
Is 10962761 prime?
True
Is 160012967 prime?
True
Is 4621741 a prime number?
False
Is 9947381 a composite number?
True
Is 356693 a prime number?
True
Is 48530681 prime?
False
Is 1706809 a prime number?
False
Is 21070267 a prime number?
True
Is 807071689 a composite number?
True
Is 25252423 a composite number?
True
Is 2446229 a composite number?
True
Is 2540989 composite?
True
Is 62549 prime?
True
Is 98311387 a prime number?
False
Is 2776649 composite?
False
Is 16324163 prime?
True
Is 5861881 composite?
False
Is 28162319 composite?
True
Is 1657519 a composite number?
False
Is 439776754 composite?
True
Is 2387831 a prime number?
False
Is 4949983 a composite number?
False
Is 19534237 a prime number?
False
Is 37042435 prime?
False
Is 405817 composite?
False
Is 73819 a composite number?
False
Is 3660827 a prime number?
True
Is 3917909 a prime number?
True
Is 3410311 composite?
False
Is 17196577 a prime number?
False
Is 89022977 composite?
True
Is 43895177 a composite number?
False
Is 611927 a prime number?
True
Is 55001803 a composite number?
True
Is 17730995 prime?
False
Is 162928721 a prime number?
True
Is 37093127 a composite number?
False
Is 217686757 prime?
True
Is 263264917 composite?
False
Is 73433861 a prime number?
False
Is 35694205 a prime number?
False
Is 60120013 a prime number?
True
Is 2384809 a prime number?
False
Is 15593047 a prime number?
False
Is 168968659 prime?
True
Is 2730097 prime?
False
Is 1141323 a composite number?
True
Is 11691409 composite?
True
Is 80342069 composite?
False
Is 548343749 composite?
True
Is 1180639 a prime number?
False
Is 2268919 a prime number?
True
Is 79414546 a prime number?
False
Is 6887669 prime?
False
Is 19258669 composite?
True
Is 1385458 composite?
True
Is 441169593 a prime number?
False
Is 28363877 a composite number?
True
Is 1011337 a prime number?
False
Is 4559389 a prime number?
True
Is 730203 prime?
False
Is 29777537 composite?
False
Is 9357721 a composite number?
False
Is 4018409 composite?
True
Is 11672179 composite?
True
Is 758123 composite?
True
Is 1735361 composite?
False
Is 3016679 prime?
True
Is 10861801 prime?
True
Is 3426961 a prime number?
False
Is 827323 a composite number?
True
Is 40919443 a composite number?
True
Is 4488145 prime?
False
Is 49655933 composite?
False
Is 1092686359 a composite number?
False
Is 13028317 prime?
True
Is 261916877 a composite number?
False
Is 651669151 a composite number?
True
Is 107919107 a prime number?
False
Is 24892727 a composite number?
False
Is 107788507 a prime number?
False
Is 3722549 composite?
False
Is 17812103 prime?
False
Is 42231667 a composite number?
True
Is 3355093 composite?
True
Is 367153 a prime number?
False
Is 54915293 a prime number?
True
Is 6732241 composite?
True
Is 1767529 a prime number?
False
Is 488135911 a composite number?
False
Is 82389155 prime?
False
Is 8875723 a composite number?
True
Is 4201097 a prime number?
False
Is 2626003 composite?
False
Is 17953589 composite?
False
Is 4135121 a prime number?
False
Is 2266079 a prime number?
True
Is 2719 prime?
True
Is 28814491 a composite number?
False
Is 751259 a prime number?
True
Is 920107 a composite number?
False
Is 72241841 a prime number?
False
Is 16925113 a composite number?
False
Is 642859 a composite number?
True
Is 4671221 a prime number?
False
Is 358146923 a prime number?
False
Is 3587531 composite?
False
Is 11874857 prime?
False
Is 57883517 a prime number?
True
Is 561709 prime?
False
Is 5689183 prime?
True
Is 81630827 prime?
True
Is 7997102 a composite number?
True
Is 259013 a prime number?
False
Is 6206639 a prime number?
False
Is 41760289 composite?
True
Is 846533 a prime number?
False
Is 11382101 a composite number?
False
Is 3574997 a prime number?
True
Is 242000719 a prime number?
False
Is 87556933 prime?
False
Is 48551189 prime?
True
Is 269720989 prime?
True
Is 4940359 a composite number?
False
Is 17113573 a prime number?
False
Is 53073301